 h = -3*f - w + 64. Is f a composite number?
True
Let l(c) = -195*c**3 - 3*c**2 - 3*c - 3. Let o be l(-2). Let k(i) = -i**2 + 66*i + 5. Let y be k(37). Let n = o + y. Is n a composite number?
True
Let r = -52154 + 183187. Is r a prime number?
False
Let u(t) = t**3 - 28*t**2 + 75*t + 1. Let y be u(25). Is (5 + 12/(-2))/(y/(-2809)) a prime number?
False
Is (-224)/112 - (-1 - 883594/4)*2 a prime number?
True
Let l be ((-4)/(-10))/((-1)/(-11765)). Suppose -4*n = 2*k - 4018, 2*k + 261 = 3*n + 4251. Let c = l - k. Is c a composite number?
True
Suppose -2*i - 339993 = -3*a, 4*a + 6*i - 2*i = 453284. Is a a prime number?
True
Suppose 3*j + 9481 + 14362 = v, v - j - 23847 = 0. Is v a composite number?
True
Let v(n) = -14*n - 11. Let b be v(4). Let t = b + 31. Is (-4000)/(-6) + 24/t + 1 a composite number?
True
Let u = 148199 + -83528. Is u a composite number?
True
Let f(h) = 5*h**3 - 20*h**2 + 36*h - 57. Is f(8) a prime number?
True
Suppose 3*n = 4*n + 5, -3*s + 2*n = -25339. Let k = 11988 - s. Suppose 5*i = 3*w + k, 4*i - i + 2*w = 2127. Is i a prime number?
True
Suppose -3*u + 946 = 4*m - 259, 2*u = 2*m - 592. Is m prime?
False
Let i = -131931 - -229730. Is i a prime number?
False
Is (-2108312)/(-56) - (-24)/42 prime?
True
Let r(f) = -6*f**3 + 7*f**2 + 3*f + 10. Let d be r(-7). Let b(p) = 55*p - 14. Let o be b(26). Let c = d - o. Is c composite?
True
Suppose 8*a + 2320 = 12*a. Suppose 0 = 2*g + 4*s - a, -2*g + 3*s + 1476 = 3*g. Let h = 417 - g. Is h a composite number?
True
Let t(k) = 2*k**2 - 14*k + 9. Let h be t(12). Suppose -7*y - h = -962. Let l = y - -174. Is l a composite number?
False
Let i = -48 + 49. Suppose -1 = -2*z - 5*x + 10, z - 2*x = i. Suppose k + 264 = 5*k + q, 0 = z*k + 3*q - 207. Is k composite?
True
Let m(x) = -x + 10. Let u be m(-8). Let s = 569 + u. Is s a prime number?
True
Let b = 36172 + -19310. Suppose -17341 = -13*a + b. Is a prime?
False
Suppose 6*v + 1528 = 7*v. Suppose 0 = u - 1984 - v. Suppose -u = -3*z - y, -17 - 3 = -4*y. Is z prime?
False
Suppose -4578 = -2*z + 4*u, 2*u - 9138 = -4*z + u. Suppose 0 = -19*n + z + 35772. Is n a composite number?
False
Let z = -340138 - -723071. Is z a prime number?
True
Let l(t) = -3*t**3 - t**2 + 4. Let h be l(0). Let r(y) = -51*y**2 - 3*y + 10. Let f be r(h). Let b = -105 - f. Is b a prime number?
False
Suppose 0 = -34*h + 58173 + 80377. Let s = h - 2126. Is s prime?
True
Suppose -39701 = -48*k + 232651. Suppose -3*l = -935 - k. Is l a composite number?
False
Suppose 5*o = -25, -4*l - o + 5*o = -32. Suppose -l*v = 3*i - 15, -i = 4*v - 8*v - 30. Is 2*5/i*(131 + 0) prime?
True
Let d be -1 - (-6 + -2) - (-40)/(-10). Suppose 5*s + f - d*f - 275 = 0, 5*s - 5*f - 275 = 0. Is s composite?
True
Suppose -4052*x + 4073*x = 470883. Is x a prime number?
False
Suppose -198474 = 3*n - 6*n - 3*z, -n + 66152 = 3*z. Is n a composite number?
False
Let s be 20/(-8)*(-1)/(10/32). Is (40/(-15)*(-43446)/s)/2 composite?
True
Let c be (-2 + 21603)*(-2)/10*-5. Let q = 31568 - c. Is q a composite number?
False
Suppose 0 = -206*z + 1495838 + 14088680. Is z a prime number?
True
Suppose 3*y - 845782 = 40*a - 42*a, a = -5*y + 422912. Is a prime?
False
Let m be (-3 + 0 + 6)/(6/4). Suppose -m*u + 968 = 4*c, -u + c = 2*u - 1438. Let d = u + 278. Is d a composite number?
True
Let i(k) = -k**2 + 7*k + 69239. Is i(0) a prime number?
True
Suppose 4*r = 20, 2*r = -3*o + 2*o + 12. Suppose 2*v + o - 8 = 0. Suppose v*s + 4385 = 8*s. Is s composite?
False
Suppose -2*s + 5*v = -162466, -19*v = -21*v - 8. Is s composite?
False
Is (355449/872)/(3/2344) prime?
False
Suppose 4*j - 3*u + 16807 = 0, 5*u + 12569 = j - 4*j. Is (j/(-5))/((-72)/(-180)) a prime number?
True
Suppose -j = 8 - 20. Suppose j*u - 501063 + 411 = 0. Is u composite?
True
Let w be 3 + (-1 - (-1680 - (1 + 1))). Let q = w - 233. Is q a prime number?
True
Let n be 19/7 + (-8 - (-348)/42). Suppose 2*d = -2*r + 1077 + 3611, -n*d + 7024 = -r. Is d prime?
False
Let n(j) = -j**3 - 6*j**2 - 6*j - 25. Let h be n(-6). Suppose h*a - 27*a + 460016 = 0. Is a prime?
True
Let b = -161 + 218. Is (b/(-456))/(2/(-64784)) a composite number?
False
Let m = 40350 - 6359. Is m a prime number?
False
Let s = 186 - 77. Let j be s*(0 + 4 + -5). Let t = j + 294. Is t a prime number?
False
Suppose -42*l + 37*l - 31450 = 2*a, -5*l = 5*a + 31450. Suppose 0*h + 33213 = 3*h. Let n = l + h. Is n a composite number?
True
Suppose -y - 9*g + 338914 = -5*g, 5*g = -5*y + 1694675. Is y a composite number?
True
Suppose -j = -3, -3*b - 8 = 2*j - 29. Let s(i) = 82*i**2 - 9*i - 32. Is s(b) composite?
False
Suppose 7*i = -i + 16. Suppose -i*x + 615 = -2855. Is x a composite number?
True
Suppose -27289 = -5*g - t + 2*t, t - 1 = 0. Let f = g - 3785. Is f prime?
False
Let k be (123/9)/(3*(-3)/(-2214)). Suppose -11*d + 4129 = -k. Is d composite?
True
Let b(w) = 1187 + 3*w**3 + 2*w**3 - 1190 - 425*w**3 - 2*w. Is b(-1) a composite number?
False
Suppose 6*d = -17386 - 7706. Let w = -1463 - d. Is w prime?
True
Let b = 374368 - 11379. Is b a prime number?
False
Let x = -173 + 175. Suppose 3404 = x*q - t - 5830, 0 = 2*t - 8. Is q composite?
True
Let s(f) = 338*f**2 + 65*f + 8. Is s(-21) a prime number?
False
Suppose -5*a - 4605 - 2925 = -5*p, -5*p + a = -7514. Is p a prime number?
False
Let z = -8113 + 26300. Is z composite?
True
Let x be 4 + 5 + -10 - (-8)/2. Suppose -2*m + 0*m + 1225 = -x*a, 0 = -4*a - 2*m - 1638. Let k = a - -791. Is k a prime number?
False
Let v(o) = 26*o**2 - 560*o + 337. Is v(100) a composite number?
True
Let l(p) = 3*p**3 + 258*p**2 - 40*p - 18. Is l(-31) a prime number?
True
Suppose -3*y - 759131 = -2*q, 2*q + 3*y + 379144 = 1138281. Is q a prime number?
False
Is -17 + 18 - (224511/14)/(2/(-8)) prime?
False
Suppose 2*r - 3*h = -27728, -3*h - 55456 = 2*r + 2*r. Is (-46)/138 + r/(-3) composite?
False
Suppose 258696 + 270620 = 11196*o - 11192*o. Is o a composite number?
False
Let r(n) = -n**2 + 4*n + 3475. Let h be r(0). Let q = h + -2076. Is q composite?
False
Let r(d) = -d**3 + 12*d**2 + 84*d - 5. Let s be r(-5). Suppose s = 3*o + 2*v - 16825, -3*o - v + 15615 + 1211 = 0. Is o a composite number?
True
Let b(w) = -15*w**3 + 15*w**2 - 17*w - 7. Is b(-12) prime?
True
Let h be (1 + (-1)/4)*64/4. Suppose 7*v = h*v - 400. Suppose -v*j = -74*j - 44994. Is j composite?
False
Is 11/(385/55972)*(6/(-12) + 3) composite?
True
Suppose 36*x + 2*f - 3342730 = 30*x, 0 = 4*x + 5*f - 2228472. Is x a composite number?
True
Suppose 75*d = 71925 + 1716000. Is d a prime number?
False
Let o = 916 + -2140. Suppose 0 = 5*x + 177 + 368. Let v = x - o. Is v a prime number?
False
Is 0 + 1892639/5 + 9928/(-12410) a composite number?
True
Let z(m) = 28*m**2 + 3*m + 3. Let i = 137 - 143. Is z(i) prime?
False
Let v(p) be the first derivative of p**4/4 + 19*p**3/3 - p**2/2 - 17*p - 10. Let y be v(-19). Suppose y*k = 4*k - 298. Is k composite?
False
Suppose 107*b - 29125001 = -16*b + 20*b. Is b a composite number?
False
Suppose -27*d = -26*d - 4. Suppose 0 = -3*n - d*r + 7981 + 3264, -14993 = -4*n - 5*r. Is n prime?
False
Let d(b) = -b**3 + 6*b**2 + 21*b + 1. Suppose -9*w + 126 = -23*w. Is d(w) prime?
False
Let j(y) = 3*y - 110. Let b be j(34). Is (-12678)/b + (-1)/(-4) a prime number?
False
Let r(o) = 2*o**3 - o**2 - 4*o + 6. Suppose -4*k + k + 3 = 0, 0 = 4*x + 3*k - 27. Suppose -2 - 1 = 3*p, p = c - x. Is r(c) a prime number?
True
Suppose -4*b + 3437885 = -m, 340*m - 338*m + 1718944 = 2*b. Is b a prime number?
False
Let s(j) = j**3 - 25*j**2 - 28*j - 12. Let k be s(21). Let i = -4464 - k. Let z = 3053 + i. Is z composite?
False
Let n(k) = 1525*k**3 + 18*k**2 + 37*k - 189. Is n(5) a composite number?
False
Let b = 255 - 695. Is b*(-10)/4 - 1 a composite number?
True
Is (-1 + 2)*14/((-252)/(-8578422)) a prime number?
True
Let v(y) = 7*y**2 + 1. Let a be v(7). Suppose -a = i - 1533. Is i composite?
True
Suppose -3*o - 15149 = -2*g + 5343, 2*g - 20472 = -2*o. Let m = g + -4503. Is m a composite number?
False
Let x(p) = 27*p + 4. Let v be x(-6). Let t be 39/(-6)*(-47 - (1 - 10)). Let u = t + v. Is u composite?
False
Let p(a) = -a**2 + 10*a + 20. Let y be p(10). Let x = y + -10. Suppose 6049 + 1081 = x*w. Is w prime?
False
Let d = -36 - -41. Let i be (5 - (6 + -197)) + 0 + -2. Suppose y - d*y = -3*g + 577, i = g - 3*y. Is g 